 39745 a prime number?
False
Is 1959 prime?
False
Is 629171 a prime number?
True
Is 36677 composite?
False
Is 1333 prime?
False
Is 493 a composite number?
True
Is 95255 a composite number?
True
Is 9797 prime?
False
Is 391 composite?
True
Is 87974 a prime number?
False
Is 1523 a composite number?
False
Is 1188717 composite?
True
Is 22461 prime?
False
Is 4073 composite?
False
Is 35851 a composite number?
False
Is 7034 a prime number?
False
Is 15781 a prime number?
False
Is 216173 composite?
False
Is 213713 composite?
False
Is 11379 prime?
False
Is 4561 composite?
False
Is 11463 a prime number?
False
Is 1061 composite?
False
Is 16057 a composite number?
False
Is 911 prime?
True
Is 709603 a prime number?
True
Is 611503 a prime number?
False
Is 795791 a composite number?
False
Is 24217 prime?
False
Is 11677 composite?
False
Is 4703 a composite number?
False
Is 10717 composite?
True
Is 10157 composite?
True
Is 7591457 composite?
False
Is 6007 prime?
True
Is 54719 prime?
False
Is 53643 a prime number?
False
Is 31315 prime?
False
Is 596263 prime?
False
Is 1562429 composite?
True
Is 769357 a prime number?
True
Is 49597 a composite number?
False
Is 8915 prime?
False
Is 100679 composite?
True
Is 1574107 prime?
True
Is 401963 prime?
False
Is 9253 prime?
False
Is 31795 prime?
False
Is 1637 a composite number?
False
Is 491 prime?
True
Is 88989 prime?
False
Is 945991 a prime number?
False
Is 3218 composite?
True
Is 9023 a prime number?
False
Is 806609 prime?
True
Is 34343 composite?
True
Is 907 a prime number?
True
Is 14939 composite?
False
Is 8857 composite?
True
Is 607333 composite?
True
Is 1737401 a composite number?
False
Is 26905 prime?
False
Is 109657 prime?
False
Is 5209 prime?
True
Is 85487 a prime number?
True
Is 728197 prime?
False
Is 18701 a prime number?
True
Is 56561 a composite number?
True
Is 2579 prime?
True
Is 6599 prime?
True
Is 664611 prime?
False
Is 1156847 composite?
False
Is 243307 composite?
True
Is 5507 a prime number?
True
Is 464051 composite?
True
Is 495821 a composite number?
False
Is 33751 a prime number?
True
Is 38113 a prime number?
True
Is 260317 a composite number?
False
Is 584161 a composite number?
True
Is 15063 a composite number?
True
Is 2237 prime?
True
Is 164963 composite?
False
Is 29695 composite?
True
Is 77793 prime?
False
Is 2777 a composite number?
False
Is 2555753 prime?
True
Is 4547 composite?
False
Is 26539 a prime number?
True
Is 72767 prime?
True
Is 635 a composite number?
True
Is 172337 prime?
False
Is 821927 composite?
True
Is 719 a composite number?
False
Is 9791 a prime number?
True
Is 373697 composite?
True
Is 851 composite?
True
Is 1696597 a composite number?
True
Is 439541 a composite number?
False
Is 64871 a prime number?
True
Is 2845 prime?
False
Is 1371301 prime?
True
Is 471 a composite number?
True
Is 621685 prime?
False
Is 137833 a composite number?
True
Is 28687 a composite number?
False
Is 291427 a prime number?
False
Is 8441 composite?
True
Is 1844897 prime?
True
Is 933 prime?
False
Is 13963 a composite number?
False
Is 59441 composite?
False
Is 25867 prime?
True
Is 194597 a composite number?
True
Is 222491 composite?
True
Is 2411 a composite number?
False
Is 3110837 a prime number?
True
Is 18301 composite?
False
Is 519521 a composite number?
False
Is 5839 a composite number?
False
Is 183023 a prime number?
True
Is 102217 composite?
False
Is 1195514 prime?
False
Is 198461 a composite number?
False
Is 30593 composite?
False
Is 6421 a composite number?
False
Is 3709 a composite number?
False
Is 39359 a prime number?
True
Is 194933 a prime number?
True
Is 19001 prime?
True
Is 121039 a prime number?
True
Is 29119 composite?
True
Is 27631 a composite number?
False
Is 159899 prime?
True
Is 39269 a composite number?
True
Is 30949 a composite number?
False
Is 222029 composite?
False
Is 58471 a composite number?
True
Is 320027 composite?
False
Is 771395 composite?
True
Is 24053 a composite number?
True
Is 359791 composite?
True
Is 158963 prime?
False
Is 17509 a prime number?
True
Is 34793 a prime number?
False
Is 1943 a composite number?
True
Is 48095 composite?
True
Is 98251 a composite number?
False
Is 295 composite?
True
Is 87985 a composite number?
True
Is 381 a composite number?
True
Is 77447 prime?
True
Is 9017 a composite number?
True
Is 10291 composite?
True
Is 103729 a composite number?
True
Is 10897 a composite number?
True
Is 286571 composite?
True
Is 4767389 a composite number?
True
Is 43069 a prime number?
False
Is 390814 composite?
True
Is 48017 a composite number?
False
Is 61909 a composite number?
False
Is 117903 a composite number?
True
Is 187799 a prime number?
False
Is 291469 composite?
True
Is 197719 a prime number?
False
Is 5429 prime?
False
Is 3037 composite?
False
Is 4533 composite?
True
Is 361027 composite?
True
Is 29167 composite?
False
Is 2053 a composite number?
False
Is 190699 a composite number?
False
Is 10391 a prime number?
True
Is 4111 a composite number?
False
Is 349627 a prime number?
False
Is 1409 composite?
False
Is 105437 prime?
True
Is 160499 a composite number?
False
Is 61073 a prime number?
False
Is 12941 a prime number?
True
Is 3078898 prime?
False
Is 40343 prime?
True
Is 7297 a composite number?
False
Is 207787 a composite number?
True
Is 315671 prime?
True
Is 11755 a prime number?
False
Is 90599 composite?
False
Is 53551 a prime number?
True
Is 720014 a prime number?
False
Is 557782 a prime number?
False
Is 174137 a composite number?
False
Is 790087 a prime number?
True
Is 10007 composite?
False
Is 14369 a prime number?
True
Is 12515 prime?
False
Is 235337 a composite number?
False
Is 36671 a composite number?
False
Is 18143 composite?
False
Is 421807 composite?
False
Is 1847 composite?
False
Is 86186 composite?
True
Is 2333 a prime number?
True
Is 25819 a composite number?
False
Is 46597 composite?
True
Is 118291 a prime number?
False
Is 15961 composite?
True
Is 14621 prime?
True
Is 235 a prime number?
False
Is 269463 composite?
True
Is 2629 a composite number?
True
Is 18835 composite?
True
Is 8023 prime?
False
Is 115495 a composite number?
True
Is 329743 a prime number?
False
Is 1481 composite?
False
Is 5897 prime?
True
Is 125066 a composite number?
True
Is 17291 prime?
True
Is 31523 prime?
False
Is 1426885 composite?
True
Is 319 prime?
False
Is 726043 a composite number?
False
Is 102047 prime?
False
Is 18479 prime?
False
Is 107399 composite?
True
Is 72317 prime?
False
Is 575623 composite?
False
Is 70039 prime?
True
Is 61307 composite?
True
Is 27845 prime?
False
Is 6245 composite?
True
Is 510529 a prime number?
True
Is 889079 a composite number?
True
Is 1939 a composite number?
True
Is 57179 a prime number?
True
Is 115873 a prime number?
True
Is 8663 a prime number?
True
Is 933 a composite number?
True
Is 36973 a prime number?
True
Is 540317 a prime number?
False
Is 206021 a composite number?
False
Is 18539 composite?
False
Is 4356167 a composite number?
False
Is 40751 a composite number?
False
Is 217283 a composite number?
True
Is 34909 prime?
False
Is 20861 a prime number?
False
Is 41981 prime?
True
Is 38015 composite?
True
Is 1337017 composite?
True
Is 710155 a composite number?
True
Is 37739 a prime number?
False
Is 15233 a prime number?
True
Is 997507 composite?
True
Is 40571 prime?
False
Is 19661 a composite number?
False
Is 491002 prime?
False
Is 122251 a composite number?
False
Is 86677 composite?
False
Is 2023133 composite?
True
Is 13259 a prime number?
True
Is 903739 composite?
True
Is 82307 prime?
True
Is 62533 prime?
True
Is 97211 prime?
False
Is 49139 a composite number?
False
Is 41357 a composite number?
False
Is 7183 composite?
True
Is 51193 prime?
True
Is 924569 a prime number?
False
Is 13954 prime?
False
Is 15767 prime?
True
Is 1508561 a composite number?
False
Is 16322 a prime number?
False
Is 40483 a prime number?
True
Is 17267 prime?
False
Is 554263 a composite number?
False
Is 361331 a prime number?
False
Is 68359 a composite number?
True
Is 1442183 a composite number?
True
Is 557965 composite?
True
Is 76357 prime?
False
Is 655777 a prime number?
False
Is 13261 composite?
True
Is 478913 a prime number?
True
Is 47537 prime?
False
Is 43697 a composite number?
True
Is 1799951 prime?
True
Is 15959 prime?
True
Is 18431 prime?
False
Is 29338 